76. Let y = 3306 + -3297. What is the remainder when s is divided by y?
6
Suppose 2*z - 17 = -7. Let m be 8/10*(-50)/(-20). Suppose m + 13 = z*v. What is the remainder when 4 is divided by v?
1
Let o(j) = 4*j**2 + j - 2. Let v be o(-2). Suppose -v = -q - c, 3*q = 5*c + 1 + 3. What is the remainder when 15 is divided by q?
7
Suppose -7*w + 4*w = 0. Suppose 3*t - 24 - 39 = w. Calculate the remainder when 2/(-5) + 1648/20 is divided by t.
19
Let m be 0/(4/(-1 - 1)). Suppose m = -9*h + 64 + 143. Calculate the remainder when 43 is divided by h.
20
Suppose -16*p = 8*p - 408. What is the remainder when p is divided by 3?
2
Let t = -60 - -1. Let v = t - -151. Suppose 2*l + 4*u = 104, -2*l - u = -3*u - v. What is the remainder when l is divided by 17?
14
Let g(x) = 2*x**2 + 18*x + 20. Let c be g(-12). Suppose -4*s = -c - 108. What is the remainder when s is divided by 17?
16
Suppose -2*k + 0*k - 11 = 5*t, k = t + 5. Suppose k*q + 7 = 23. Calculate the remainder when 79 is divided by q.
7
Suppose 1429 + 188 = 33*w. Calculate the remainder when w is divided by 10.
9
Let x be (5 - 2)/(6/(-28)). Let p = x - -15. Suppose z + 5 = 6*z. What is the remainder when z is divided by p?
0
Let b(n) = -n**3 + 6*n**2 - 5*n - 1. Let h(v) = -3*v**3 + 18*v**2 - 15*v - 4. Let o(z) = 7*b(z) - 2*h(z). Calculate the remainder when 50 is divided by o(4).
11
Let d(j) = j + 4. Suppose 0 = -0*b + 4*b - 24. Suppose -5*t + b = -9. What is the remainder when 25 is divided by d(t)?
4
Suppose -r = -1 - 1. Suppose 2*o + 16 = -t, -3*o - r*t = -0*t + 22. Let z(b) = -b**2 - 9*b + 23. What is the remainder when 34 is divided by z(o)?
8
Suppose -5*y + 3*y = -48. Let r = y + -13. What is the remainder when r is divided by 8?
3
Let s = -33 + 57. What is the remainder when 16 is divided by 1*1*-1*(14 - s)?
6
Let a(o) = -10*o + 121. Calculate the remainder when 228 is divided by a(11).
8
Let b = 35 + -24. Suppose -7*j = -b*j + 16. Suppose j = 3*i - 17. Calculate the remainder when 19 is divided by i.
5
Suppose -2*g + 33 = -s - 7*g, -11 = 2*s - g. Suppose 4*r - 165 = -r. What is the remainder when r is divided by 1/((-1)/(-4)) - s?
9
Suppose -3*c = 42 - 54, m - 2*c - 161 = 0. Calculate the remainder when m is divided by 85.
84
Let c(u) = -2*u - 6. Let g be (4 + 1)/(9/(-18)). Calculate the remainder when 25 is divided by c(g).
11
Suppose -1763 + 235 = -2*z. Calculate the remainder when z is divided by 51.
50
Let i be -18 - (1/(-3)*-3 - 0). Let o(s) = -2*s - 11. Calculate the remainder when 51 is divided by o(i).
24
Suppose 5*z - 5*i = 265, -i - 189 = -3*z - 4*i. Suppose 3*h - z = h. Calculate the remainder when 54 is divided by h.
25
Let z(u) = -6*u + 7. Calculate the remainder when 167 is divided by z(-1).
11
Suppose 270*c + 624 = 282*c. What is the remainder when 84 is divided by c?
32
Suppose -5*r = z - 71, -3*z - 4*r + 202 = -0*z. What is the remainder when 392 is divided by z?
62
Let g(u) = u - 1. Let h be g(6). Let n = h - 1. Let t = 22 - 12. What is the remainder when t is divided by n?
2
Let b = -1801 + 1848. What is the remainder when b is divided by 31?
16
Suppose o - 392 = -0*o + 3*y, 0 = 5*y + 5. Calculate the remainder when o is divided by 49.
46
Let h(m) = -m**3 + 4*m**2 + 12*m - 10. What is the remainder when 92 is divided by h(5)?
17
Let m be 9/2*(-24)/(-36). Let u = m - 8. Let j = u + 14. What is the remainder when j is divided by 4?
1
Let s(y) = 12*y - 12*y**2 + 3*y**2 + 6*y**2 - 8 + 2*y**2. Calculate the remainder when 92 is divided by s(8).
20
Suppose 0 = -x - 3*o + 85, -103 = -x + 88*o - 85*o. What is the remainder when x is divided by 38?
18
Let t be (24/(-18))/((-4)/(-6)). Let z = 4 + t. Suppose -f - z*f + 42 = 0. Calculate the remainder when 52 is divided by f.
10
Let a = 15 - 19. What is the remainder when 105 is divided by -24*3*a/24?
9
Suppose 0 = 3*p - 3*b - 36, -3*b + 22 = 4*p - 12. Let r(z) be the first derivative of 19*z**3/3 + 3. What is the remainder when r(1) is divided by p?
9
Suppose -253 = 49*j - 50*j + 5*b, -3*j + 5*b = -809. What is the remainder when j is divided by 56?
54
Let b = -424 + 604. Suppose -v = 9*v - b. Calculate the remainder when 52 is divided by v.
16
What is the remainder when (-4)/(3/(-57)*2) is divided by 22?
16
Suppose 12 = 2*k - 4. Calculate the remainder when 18 is divided by k.
2
Let i = -523 + 531. Calculate the remainder when 26 is divided by i.
2
Let j be 6*((-10)/(-6) - 1). Suppose -g - j*o = 1, -4*g - 4*o - o + 40 = 0. Calculate the remainder when 40 is divided by g + 1 + (-7 - -5).
12
Suppose 78 = -16*a + 22*a. Let z(o) = -o**3 + 18*o**2 + 2*o - 30. What is the remainder when a is divided by z(18)?
1
Suppose -a + 2*a - 432 = -4*f, -16 = 4*a. Suppose -98*q + 102*q = 88. What is the remainder when f is divided by q?
21
Let p = 49 - 35. Let f be -5*76/(-4) - (2 - 2). Suppose 5*y + 4*n - 137 = 0, -14 - f = -4*y - 3*n. What is the remainder when y is divided by p?
11
Suppose 0 = -3*v + 2*p - 130, -2*p = -4*v + p - 174. Let k = 7 - v. What is the remainder when k is divided by 13?
10
Suppose -5*h + m - 3 = 34, 14 = -h - 2*m. Let s = 19 - h. What is the remainder when s/(-18) - (-39)/2 is divided by 7?
4
What is the remainder when 143 is divided by (7 - (-82)/(-12)) + 574/12?
47
Suppose -2*x + 257 = 3*x - 2*f, -3*x = 4*f - 175. Let z = -24 + 35. Calculate the remainder when x is divided by z.
9
Let w = -15 + 18. Let s be (-48)/(-6) - 6/w. Let c(m) = 19*m - 12. What is the remainder when c(s) is divided by 26?
24
Let a(i) = i**3 - 3*i**2 - 11*i + 12. Let o be a(5). Suppose o*u = 3*u + 20. Calculate the remainder when 8 is divided by u.
3
Suppose 2*h + 2*f - 546 = 0, 0 = 21*h - 19*h + 4*f - 538. Calculate the remainder when h is divided by 31.
29
Let h be (-90)/14 - (39/7 + -6). Calculate the remainder when (h/5*-3)/(63/1470) is divided by 29.
26
Suppose m + 4*q + 21 = 0, 3*q + 12 = -0*q. Let f = 16 + m. What is the remainder when 61 is divided by f?
6
Let g = 212 - 362. Let b = 226 + g. Calculate the remainder when b is divided by 11.
10
Let b(z) = 3*z + 13. Suppose -5*s + 25 = 0, 3*j + 2*s = 6*s - 17. Calculate the remainder when j is divided by b(-4).
0
Let y(c) = c**2 - 5*c - 34. Calculate the remainder when y(-5) is divided by 7.
2
Calculate the remainder when 63*1*6/((-42)/(-35)) is divided by 64.
59
Suppose 3*a + 340 = 5*v, -68 - 272 = -5*v - 5*a. What is the remainder when 204 is divided by v?
0
Suppose -i + 2*l - 4*l + 631 = 0, l + 2524 = 4*i. What is the remainder when i is divided by 8?
7
Suppose 0*j + j = 15. Let s(t) = t + 151. Calculate the remainder when s(-94) is divided by j.
12
Let n = 62 + 244. Suppose -19*a + 25*a = n. Calculate the remainder when a is divided by 9.
6
Suppose 5*l = 2*x + 173, 5*l - 7*l + 69 = -x. Calculate the remainder when l is divided by (1 - 0)*3 + 6.
8
Let h(s) = s**3 + 3*s**2 - 6*s - 5. Let d be h(-4). Let x(l) = -l**3 - 6*l**2 - 4*l + 10. What is the remainder when 6/(-3) - (d + -24) is divided by x(-5)?
4
Let j = -843 - -1718. What is the remainder when j is divided by 20?
15
Suppose 4*o - 33 = 3*o + a, a - 127 = -4*o. Let q = 35 - 18. What is the remainder when o is divided by q?
15
Let z = 85 + -32. Let b(x) = -x + 9. What is the remainder when z is divided by b(0)?
8
Suppose v + 4*j - 29 = 0, 0 = -v - j - 7 + 30. What is the remainder when 36 is divided by v?
15
Suppose 5*f + 5*i - 2334 = 8*i, 0 = -5*f + i + 2328. What is the remainder when f is divided by 94?
89
Let g = -72 - -182. Calculate the remainder when g is divided by 7.
5
Suppose i = -y + 38, 0 = 3*y - 2*i - 80 - 49. Let d = 141 + -70. Suppose -5*u + d = 4*t - 5, 2*u - 50 = -3*t. What is the remainder when y is divided by t?
13
Suppose 5*m = -919 + 1499. Calculate the remainder when m is divided by 17.
14
Let d = -15 - -28. Suppose 78 = 5*k + 5*a + 18, k = -3*a + 20. Suppose -27 = 5*w - k*w. Calculate the remainder when d is divided by w.
4
Suppose -2*v + 4 = 2*t, 4*t - 5*v - 24 = 2. Suppose 37 = t*c - 7. What is the remainder when c is divided by 3?
2
Let l(o) = -4*o - 8. Let c(m) = m**3 + 32*m**2 + 81*m + 65. Calculate the remainder when c(-29) is divided by l(-8).
23
Let a(r) = 11*r + 25. What is the remainder when 145 is divided by a(0)?
20
Calculate the remainder when 485 is divided by (2 - 1)*13/(91/49).
2
Let f = -16 - 